by 13.
12
Suppose 3*o - 33 = -3*w, 2*o = 4*w - 2*w + 42. Calculate the remainder when 62 is divided by o.
14
Let q be 166/10 + (-12)/20. Suppose 2*b - q = 6. Calculate the remainder when 41 is divided by b.
8
Let k = 3 + -1. Calculate the remainder when 5 is divided by k.
1
Let k(v) = -v**2 - 8*v - 4. Let w(s) = -s**2 - 7*s - 1. Let h be w(-8). Let l = -3 - h. What is the remainder when k(-3) is divided by l?
5
Let y(k) = 3*k**2 + 4*k + 2. Let a = 79 - 47. Calculate the remainder when a is divided by y(-3).
15
Let u = 10 - 2. Let w(t) = -t**3 + 8*t**2 - 5*t + 1. Calculate the remainder when w(7) is divided by 3/(-1 - (-11)/u).
7
Suppose 4*s - 4*j = -j - 5, -j = 4*s - 7. Let q(d) = 2*d + d**3 - 3*d - 3*d + 2 - 3*d**2. What is the remainder when q(4) is divided by s?
0
Suppose -5*k = -2*c + 2, -k - 1 = -5. Suppose -r + 27 = -14. What is the remainder when r/2 + 3/(-6) is divided by c?
9
Suppose -5*y + 17 = -8. Let u be (-6)/(-2) - 0/y. Calculate the remainder when 44 is divided by 15*(-2 + 0 + u).
14
What is the remainder when -1*(-4 + 0 - 18) is divided by 6?
4
Let n(x) = x - 9. Let c be n(9). Suppose 2*a - 3*a + 18 = c. Calculate the remainder when a is divided by -2 - (-6)/(-1)*-2.
8
Let b = 9 + -5. Suppose 0 = -2*q - 3*m - 2 + 35, q - 22 = b*m. What is the remainder when 53 is divided by q?
17
Let k(f) = 22*f + 4. Let b = 25 - 15. What is the remainder when k(2) is divided by b?
8
Suppose 2*b = 6*b - 164. Let z(k) = -k**3 - 7*k**2 - 2*k. Suppose 5*g + 60 = -5*u, -4*g - 59 = 5*u - 6. Calculate the remainder when b is divided by z(g).
13
Let f be (2 - 1) + (-21)/(-7). Suppose -m - 14 + 61 = f*r, 4*r - 109 = -3*m. Calculate the remainder when m is divided by 17.
14
Suppose 0*z = z. Suppose -20 = -2*q - 3*c, 3*c + z*c = 3*q. What is the remainder when q is divided by 3?
1
Suppose 0 = 3*i + 2*h - 80, 3*h = -4*i - 0*h + 108. What is the remainder when 93 is divided by i?
21
Let c(m) = 2*m**3 - 3*m**2 + m + 3. Let v be -2 - (-1 - 5)/1. Calculate the remainder when c(v) is divided by 22.
21
Let c(b) = 2*b**2 + 11*b + 30. Calculate the remainder when 39 is divided by c(-3).
9
Let w = -21 - -6. Let d = 35 + w. Let n = -143 - -201. Calculate the remainder when n is divided by d.
18
Let s(j) = j**3 + 7*j**2 - j + 7. Calculate the remainder when s(-7) is divided by 3.
2
Suppose 4*h + 10 = 34. Calculate the remainder when 15 is divided by h.
3
Let g(t) = t**2 - 6. Suppose -6 = -4*o - 30. Let a be g(o). Suppose 4*c - 82 - a = 0. Calculate the remainder when c is divided by 15.
13
Suppose v - 18 - 40 = 0. Suppose -3*b + 52 = 4*h, b + 0*b - h = 22. What is the remainder when v is divided by b?
18
Let j = 0 + 4. Suppose 0 = -5*b - 3*r + 52, j*b + 0*r = 4*r + 48. Let t = 20 - b. What is the remainder when 25 is divided by t?
7
Let m be (-2)/(-5) - 46/(-10). Suppose g - 40 = 5*v, -3*g + m*v + 84 = 2*v. Suppose g = 3*f - 5. What is the remainder when 28 is divided by f?
8
Suppose 5*t - 13 - 42 = 0. What is the remainder when 20 is divided by t?
9
Let q(b) = b**3 - 3*b**2 + b + 3. What is the remainder when 23 is divided by q(3)?
5
Suppose 2*z = 5*z - 78. Let j(u) = 3*u**2 - u - 1. Suppose 3*f + f - 8 = 0. What is the remainder when z is divided by j(f)?
8
Let h be 5/((-31)/(-10) - 3). Let w = -30 + h. Suppose 3*i - 6*i - 16 = -4*k, 3*i = 5*k - 23. What is the remainder when w is divided by k?
6
Suppose c = -0 - 4. Let m be (c/5)/((-1)/(-5)). What is the remainder when 2 is divided by 1*m*(-3)/6?
0
Suppose 5*f - 150 = -2*h, h + 5*f = 3*h - 130. What is the remainder when h is divided by 18?
16
Let x(b) = b**2 - 4*b + 3. Let i be x(2). Calculate the remainder when 344/28 + (-4)/14 is divided by (-8 + (-1 - -2))/i.
5
Suppose -5*m + 0*m = -120. What is the remainder when 95 is divided by m?
23
Let j(w) = -w**3 - 11*w**2 - 10*w + 12. What is the remainder when 33 is divided by j(-10)?
9
Let a = -30 - -63. What is the remainder when a is divided by 17?
16
Let q be 4/(-6) + (-604)/(-6). Suppose -3*z = z - q. Calculate the remainder when z is divided by 9.
7
Let k = 15 + 2. Let q = k + 18. Suppose -t + q = 4*t. What is the remainder when 20 is divided by t?
6
Let i(m) = 6*m**2 - 3*m. Calculate the remainder when 2/(-4) + 210/4 is divided by i(2).
16
Suppose -4*u + 8 = -0*u. Suppose u*o = 7*o - 130. Calculate the remainder when o is divided by 14.
12
Let o(x) = -22*x - 4. Calculate the remainder when o(-3) is divided by 32.
30
Calculate the remainder when 64 is divided by 22/(1 - (-3 - -3)).
20
Let s = 137 - 97. Let x = s + -27. What is the remainder when 51 is divided by x?
12
Let x = 5 - 2. Calculate the remainder when 11 is divided by x.
2
Calculate the remainder when 29 is divided by 5/(-2)*(-9 + 3).
14
Let x = -3 + 17. What is the remainder when 27 is divided by x?
13
Let x = 8 + 12. Suppose -m + 38 = -0*m. What is the remainder when m is divided by x?
18
Let o = -58 - -77. What is the remainder when 75 is divided by o?
18
Suppose -5*j = -50 - 0. Let w(i) = i**2 - 8*i + 14. Calculate the remainder when w(j) is divided by 18.
16
Suppose u - 6 = -3. Let f = u - -14. What is the remainder when 48 is divided by f?
14
Calculate the remainder when 48 is divided by 6/2 + 21/3.
8
Suppose -604 = -4*g - 4*x, -2*g + 318 = -0*x - 2*x. What is the remainder when g is divided by 39?
38
Suppose 2*x + 3*p + 14 = 6*x, 3*x - 4 = -p. Let h = 9 + x. What is the remainder when 20 is divided by h?
9
Let y(f) = -3*f**3 - f**2 - f. Let u = -2 - 0. What is the remainder when y(u) is divided by 12?
10
Let i = 28 + -13. Suppose 5*z + 5*n - 120 = 0, 0*n = -5*n - i. Calculate the remainder when z is divided by 14.
13
Suppose -24 = -3*x + x. Suppose 5*i = -13 - x. Let t(p) = -5*p + 2. Calculate the remainder when t(i) is divided by 7.
6
Let m = 16 - 9. Let s = m - -1. Suppose 0 = 3*l - s*l + 60. What is the remainder when 34 is divided by l?
10
Suppose -3*m + 10 = -2*m. Let v = 22 - m. Let q = -5 + 50. Calculate the remainder when q is divided by v.
9
Suppose 2*q = -6, 5*l + 0*l = -3*q + 1. Suppose 0*a - 24 = -l*a. What is the remainder when (-4)/6*207/(-6) is divided by a?
11
Let p(z) = 29*z - 5. Let c be p(4). Let s = c + -77. Let k = 30 - 18. Calculate the remainder when s is divided by k.
10
Let n = 10 + 14. Calculate the remainder when 47 is divided by n.
23
Suppose 0 = -3*t + 50 - 11. Let p = t + -8. What is the remainder when 9 is divided by p?
4
Suppose 3*k - 3*f + 44 = 2*k, -k + 5*f - 44 = 0. Let s = -30 - k. Calculate the remainder when 53 is divided by s.
11
Calculate the remainder when 88 is divided by (0 - -2)/(-4*(-1)/90).
43
Let y(f) = 2*f**3 - 3*f**2 - 3*f + 2. What is the remainder when 32 is divided by y(3)?
12
Let y(d) = 3*d**2 - 1. Suppose -t + 5*i + 24 = 0, 2*i = 4*t - t - 20. Calculate the remainder when y(2) is divided by t.
3
Let a(g) = -3*g. Suppose -7*w + 13*w - 174 = 0. What is the remainder when w is divided by a(-5)?
14
Let v(l) = -3*l - 5. Let d(b) = -b**2 - 6*b + 2. Let h(w) = -w**3 - 7*w**2 - w - 10. Let s be h(-7). Calculate the remainder when d(s) is divided by v(-3).
3
Let n = -140 + 221. Calculate the remainder when n is divided by 9 - (3 + 0 + -6).
9
Suppose 2*g = -3*o + 5*g + 39, 4*o = 5*g + 50. Calculate the remainder when o is divided by 7.
1
Let s(i) = -i**2 + 6*i - 5. Let h be s(5). Let t = 47 - h. Calculate the remainder when t is divided by 12.
11
Calculate the remainder when 1/(-3) + 478/3 is divided by 40.
39
Let b be 3/(-3) + 0 + 22. Let j = -13 + b. What is the remainder when j is divided by 3?
2
Let v(r) = -r**3 + 6*r**2 + 6*r - 5. What is the remainder when 84 is divided by v(6)?
22
Suppose -17*h + 76 = -13*h. Calculate the remainder when 55 is divided by h.
17
Let w(o) = -o**3 - 3*o**2 - o + 6. Let q(y) = 1. Let t(g) = -5*q(g) + w(g). What is the remainder when 11 is divided by t(-3)?
3
Let a = 50 - 29. Calculate the remainder when (a + (-1 - -3))*1 is divided by 6.
5
Let z(m) = 4*m - 1 + 4*m + 3*m. What is the remainder when z(4) is divided by 23?
20
Let h = 11 + 16. What is the remainder when 133 is divided by h?
25
Let d(g) = -g**3 - 3*g**2 - 2*g - 1. Let z be d(-3). Let o(w) = 3 - 2 + 1 + 7*w - w**2. Calculate the remainder when 34 is divided by o(z).
10
Suppose 2*b + 66 - 172 = 0. Suppose 10 - b = -s. What is the remainder when s is di